6)/(-18) composite?
True
Let a = -321 + 4224. Is a composite?
True
Let z = -26 + 28. Suppose -3455 = -2*v - 5*l, z*l + 1741 = 2*v - v. Is v a composite number?
True
Suppose 6*y - 32 - 730 = 0. Is y prime?
True
Let d be (5 + -3)/(3/(-1923)). Let x = 3519 + d. Is x prime?
True
Let u = -8568 + 16177. Is u a composite number?
True
Let r(z) be the first derivative of 133*z**2/2 - 15*z - 4. Is r(2) composite?
False
Suppose 5*y - 10 = -5*f, y + 0*f = -4*f - 13. Is (-547)/(-4 + -4 + y) a composite number?
False
Let p(f) = f**2 + 13 - 1 - 1 + 17*f + 7. Is p(-16) a prime number?
True
Let d be 1538/10 + (-10)/(-50). Let x = 534 - d. Suppose -5*c + 65 = -x. Is c a prime number?
True
Suppose 4*k = -5*g + 100, -k - 89 = -4*g - 6*k. Suppose 0 = -6*j + 7694 + g. Is j a prime number?
False
Suppose 0 = -i - 5*a + 25 - 10, 4*i - 2*a = 16. Suppose 13 = 4*f - k, 2*f - 4*k - 5 = -3*k. Suppose -f + 99 = i*j. Is j a composite number?
False
Suppose 0 = -1013*k + 999*k + 30170. Is k composite?
True
Let g(q) = -13*q + 4 - 5 + 4*q. Suppose -4*x = -3*l + 4, -4*l - 4 = -6*l + 3*x. Is g(l) composite?
True
Let k(g) be the second derivative of -g**4/12 + 232*g**2 + 2*g. Let p be k(0). Suppose -261 = -5*x + p. Is x prime?
False
Let t(z) be the first derivative of -z**4/4 + 2*z**3 + 4*z**2 - 5*z - 2. Let k be t(7). Suppose k*o = -3*o + 415. Is o prime?
True
Suppose -3*k = -4*t + 29, 0 = -t + k + 5 + 3. Is (-5)/t + 1511 - (0 - -3) a prime number?
False
Suppose 2*g - 2665 = -3*v, 2*g + 0 - 4 = 0. Is v composite?
False
Suppose -2454 = 2*x - 26. Let v = 2101 + x. Is v prime?
True
Let w = 1690 + 919. Is w a composite number?
False
Let n(f) = 5*f**2 - f - 9. Let d(j) = -5*j**2 + 2*j + 9. Let x(t) = 4*d(t) + 5*n(t). Is x(-11) a composite number?
False
Let f(t) = -2*t**2 - t + 2. Let g be f(1). Is g/2*(4 + 0) - -309 prime?
True
Suppose -4*g = 2*w - 2890, -5*w + 4*g + 6557 = -626. Is w composite?
False
Let n = -112 + 117. Suppose -2*w + 476 = -2*p, n*w - w + 3*p - 917 = 0. Is w a composite number?
False
Let h be (1/(-4))/(6/(-24)). Is (951*(-1)/(-9))/(h/3) a prime number?
True
Let b(z) = 27*z - 44. Suppose -43 + 69 = 2*n. Is b(n) a prime number?
True
Suppose 4*g - 33004 = 4*z, 1455 + 23298 = 3*g + 2*z. Is g a prime number?
False
Let i be (168/20)/(2/(-180)). Let u = i + 1093. Is u composite?
False
Let b(y) = 1809*y**3 + 2*y**2 + 2*y. Let z be b(-1). Let l = z - -4828. Is l composite?
False
Suppose -10*l = -14*l + 28168. Suppose -4*m - 1126 = -2*x - l, -4463 = -3*m - 5*x. Is m a composite number?
False
Let n be (105/(-10))/(6/(-16)). Let i = -28 + n. Suppose -4*k - 2*k + 1266 = i. Is k a prime number?
True
Suppose r + 4*y - 11005 = 0, -y - 6259 = r - 17270. Is r prime?
False
Let x(v) = 15*v**2 - 7*v - 1. Let o(n) = -1. Let d(q) = -6*o(q) + x(q). Is d(-6) composite?
False
Let b = -16 + 14. Let p = b + 9. Is p prime?
True
Suppose 2*g - 5*x + 0*x = 7309, 0 = 2*g + 2*x - 7288. Is g composite?
True
Suppose -78*r + 72*r = -2382. Is r composite?
False
Suppose 4*d = -680 + 4548. Is d prime?
True
Let l(q) = -q**2 - 2. Let x be l(2). Let v = -10 + x. Let c(g) = -g - 10. Is c(v) a prime number?
False
Suppose 3*w - 7*w - 4*x + 44 = 0, 4*x + 46 = 5*w. Let d = -6 - w. Is (0 - -1)/(d/(-1328)) a prime number?
True
Let i = 2562 + 14969. Is i prime?
False
Suppose -4*o = -4*x - 37 - 19, o = 4*x + 26. Is -223*(o/(-35) - (-15)/(-21)) a prime number?
True
Suppose -60810 = -2*f + 2*i, -12*i = -4*f - 10*i + 121616. Is f prime?
True
Suppose -16*p + 3*p + 5317 = 0. Is p composite?
False
Suppose 2*g = 5*g - 12. Let m(u) = 3 - 6 + 3*u**3 + g - u**3. Is m(3) a composite number?
True
Let j be (4 - 10)/(-2 - 0). Suppose j*l - 4 = 2. Suppose -l*w + 254 = -0*w. Is w prime?
True
Let p(u) = -u**2 + 7*u + 18. Let m be p(9). Let z be (-2)/(4/(-6)) + 1. Suppose -2*n + z*x + 1414 = m, n - 4*x - 697 = -0*n. Is n a prime number?
False
Let m(s) = -s**3 + 18*s**2 - 17*s + 5. Let p be m(17). Suppose 0 = -p*h + 3*h + 1934. Is h composite?
False
Suppose -2415 = 5*p - 2*p. Let v = p + 178. Let q = -364 - v. Is q composite?
False
Let t be (-57)/(-4) - 3/12. Suppose -2 = 4*d - t. Suppose d*k - 861 = -2*u - 0*u, -3*k + 4*u = -879. Is k a prime number?
False
Let x be 1 - (-189)/12 - (-27)/(-36). Let u = x + 2505. Is u a prime number?
True
Let g(d) = -191*d. Let c = -8 - -14. Let o = c + -7. Is g(o) a composite number?
False
Let y(h) = 28*h**2 + 3*h. Let g be y(-7). Let p = -282 + g. Is p a composite number?
False
Is ((-29)/29)/(3/(-6609)) composite?
False
Is 28968/21 + (-1)/(7/3) prime?
False
Suppose -5360*g - 24545 = -5365*g. Is g a prime number?
True
Is (-10077)/2*(-34)/51 a prime number?
True
Let z = -1991 + 2868. Is z composite?
False
Suppose -2*k + 5*f + 6329 = 0, 5*f = 3*k + 226 - 9727. Suppose -3*z + t + k = 194, -5*z + 4*t = -4975. Is z composite?
False
Let y = -38 + 50. Is 2/4 + 4446/y a prime number?
False
Let v = -7 - -7. Suppose 44 = 4*h + 4*s, v = 2*h - s - 0*s - 16. Is 7893/h + 6/3 a composite number?
True
Suppose -i = -3*c - 6364, i + 25381 = 5*i + 3*c. Is i a prime number?
False
Suppose 0 = 6*z - 8*z. Suppose z = -2*p + 3*o - 77, p + 21 = -0*p - 2*o. Let s = p - -164. Is s a composite number?
True
Is (-18)/(-6)*(6723 + -3 + -1) prime?
False
Suppose 3*b = -j - j - 2866, -3*j - 4299 = b. Let t = -550 - j. Is t prime?
True
Suppose -199 - 29 = -4*y + z, 0 = z. Let g be (-1 + 11/(-2))*4. Let j = g + y. Is j composite?
False
Let x = 18 - 15. Suppose -x*k + 8*k = 10. Suppose 2*t - 3*w = 139, -56 = t - k*t - 3*w. Is t a composite number?
True
Suppose -5*l - 2*f = -633151, 16*l - 12*l - f - 506526 = 0. Is l a prime number?
True
Let m = 27 + -24. Let h = m + 0. Let f = 264 + h. Is f composite?
True
Let y(i) = 5*i + 3*i + i**2 + 3*i**2 - 5*i**2 - 11. Let o be y(5). Is o/8*(225 - -1) a prime number?
True
Let x = 11768 - -3155. Is x composite?
False
Suppose -h = -3*y - 1 - 0, 16 = -4*h + 2*y. Let z(v) be the second derivative of -v**5/10 - v**4/4 + 2*v**3/3 + v**2 - 4*v. Is z(h) a prime number?
True
Suppose -4*f = 4, 5*l - 3*f = -4*f - 3266. Let g = l - -1142. Is g a composite number?
True
Suppose -y - y + k = -447, -k + 219 = y. Let u be (-5)/(-2)*-1*6/(-3). Suppose 4*z - 2*z = u*r + y, -3*r = -z + 112. Is z composite?
True
Let u = 9116 - 5208. Suppose c + 2*y - 104 = 873, 0 = 4*c + y - u. Is c a composite number?
False
Let w = 1075 + 23686. Is w a composite number?
True
Is -2 + (-128)/(-60) - (-13423)/15 a prime number?
False
Let u be 60/(-5)*(-6)/8. Let p be (-105)/(-12) + u/(-12). Is (-2532)/p*2/(-3) composite?
False
Suppose 29*k - 38113 = -4*i + 28*k, 0 = -3*i - k + 28586. Is i a prime number?
False
Suppose -4*b - 5691 = -5*u, -2*u + 4*b = -1823 - 463. Is u prime?
False
Let t = -2092 - -4427. Is t composite?
True
Suppose 2*z - p = 267, 4*z - 554 = -p - p. Suppose -3*v = -943 + z. Is v composite?
False
Suppose -d - 16 = -4*c, 2*d + 1 = 4*c - 11. Suppose c*b - 5*p - 2794 = -139, 3*p = 12. Is b prime?
False
Let h = -70 - 6. Let j = 170 + h. Is j prime?
False
Let f be -4 + 0/(-1) + -4. Let m(j) = -j - 8. Let k be m(f). Suppose k*u + 110 = 2*u. Is u composite?
True
Let y = -1 - -4. Suppose 3*f + 0*d - 3*d = 39, -3*d - 48 = -4*f. Is 872/y - (-3)/f a composite number?
True
Let j(r) = 861*r**2 - 3*r + 11. Is j(2) prime?
True
Let d = -1034 + 545. Let a = 690 + d. Is a a composite number?
True
Let k(y) = -234*y**3 - 4*y**2 - 4*y - 3. Suppose 6 + 6 = -6*h. Is k(h) composite?
False
Let u(z) = -23378*z - 151. Is u(-1) a prime number?
True
Is ((-410479)/511)/((-2)/14) a prime number?
True
Suppose 7*s + 27*s - 622234 = 0. Is s composite?
False
Let x be (0 - 6/(-10)) + 171/15. Suppose 2*d - 1847 = -3*d + 4*y, 4*y + x = 0. Is d a prime number?
True
Let l be (-2)/((-4)/(-12) - 1). Suppose -3*b + 1071 = -0*b. Suppose -3*n - b - 53 = -t, -5*n = -l*t + 1242. Is t prime?
True
Let u = 11466 + 29489. Is u composite?
True
Let o = 94 + 608. Let i = 489 + o. Is (i/(-9))/((-1)/3) a prime number?
True
Let r = -3152 + 17506. Is r a prime number?
False
Let t(p) = 4*p**3 - 27*p**2 + 82*p - 23. Is t(18) a prime number?
True
Let k be 33/(-22)*(0 - -2). Let h(g) = g**3 - 10*g**2 + 9*g - 10. Let t(w) = -2*w**3 + 19*w**2 - 17*w + 21. Let b(p) = k*t(p) - 5*h(p). Is b(9) composite?
True
Is (-6517)/(-1) - 1 - (1 - 6) a prime number?
True
Let t(z) = 159*z**2 - 1. L